n base 10, what is -817445 + 16?
-817429
In base 7, what is 31054 + 60331?
121415
In base 8, what is -1115 + -246650?
-247765
In base 5, what is -333141 + -24?
-333220
In base 15, what is c - -8bee5?
8c002
In base 12, what is 185a35a - -2?
185a360
In base 15, what is 4588 - -30d?
4896
In base 6, what is 4 - 13111311404?
-13111311400
In base 8, what is -4 - 21223046?
-21223052
In base 12, what is 44 - -1413924?
1413968
In base 5, what is -10 + -20411211212?
-20411211222
In base 11, what is -2417876 - 12?
-2417888
In base 4, what is 20 + 100100132330?
100100133010
In base 3, what is -1011 + 12001211011?
12001210000
In base 6, what is -30020045 + 142?
-30015503
In base 11, what is 236826a8 + 4?
23682701
In base 10, what is -1 - 13550070?
-13550071
In base 8, what is 7 - 22740?
-22731
In base 12, what is 6 + -926a12?
-926a08
In base 8, what is 2 + 535304543?
535304545
In base 15, what is -653ead - -5?
-653ea8
In base 16, what is 51fd68 - 9d?
51fccb
In base 11, what is -5 + -1974099?
-19740a3
In base 12, what is -4492 - -5b452?
56b80
In base 9, what is 105 + 431515?
431621
In base 15, what is 19ba - -96?
1a61
In base 13, what is 0 - c03a6c?
-c03a6c
In base 10, what is -4321232 + 3?
-4321229
In base 4, what is -11 - -2323103120?
2323103103
In base 6, what is 34032 + -1021?
33011
In base 5, what is -142011 + -424404?
-1121420
In base 13, what is 50 - -14b56?
14ba6
In base 2, what is -10111 + 1001110101010010100?
1001110101001111101
In base 8, what is -3761 - 40336?
-44317
In base 16, what is 4 + 21445c?
214460
In base 10, what is -13538 + -8186?
-21724
In base 12, what is 63448bb - 0?
63448bb
In base 5, what is -142 + 3100210314?
3100210122
In base 7, what is 2530 + -26434?
-23604
In base 16, what is ea71c + 2b?
ea747
In base 2, what is -100111010 + 1000000010111010111?
1000000010010011101
In base 4, what is 2320200321 + -1022?
2320133233
In base 4, what is -122132112033 + 1003?
-122132111030
In base 8, what is -2 - -350401?
350377
In base 13, what is b2b2 + 1c0?
b4a2
In base 2, what is -110000111110101010 + 100101?
-110000111110000101
In base 15, what is 14 + -1917be?
-1917aa
In base 6, what is 1440233454 - -3?
1440233501
In base 10, what is -2347902 + 48?
-2347854
In base 16, what is -5f74 - cc?
-6040
In base 9, what is -337240576 - 3?
-337240580
In base 14, what is 206 - -69c23?
6a029
In base 11, what is 5113 + -3383?
1840
In base 12, what is -5524 + 3124?
-2400
In base 14, what is -58 + -467930?
-467988
In base 7, what is 31365 - -1045?
32443
In base 7, what is -4 + 364514533?
364514526
In base 4, what is 13110 - 10200102022?
-10200022312
In base 15, what is 2342d - 37?
233e6
In base 11, what is -5200 + -85a?
-5a5a
In base 16, what is 1 - -40fa8a2?
40fa8a3
In base 7, what is -223164 + 1655?
-221206
In base 5, what is -113 + -330001?
-330114
In base 12, what is -127837 + 1b?
-127818
In base 10, what is -3 + -2803190?
-2803193
In base 8, what is 7265 - -133000?
142265
In base 4, what is -1201 + -2102220010?
-2102221211
In base 8, what is 754255 + 47?
754324
In base 11, what is 16619655 + 2?
16619657
In base 4, what is -3 - -111211323?
111211320
In base 6, what is -2012 - -213035?
211023
In base 6, what is -130421343 + 113?
-130421230
In base 9, what is 3 - -463516?
463520
In base 14, what is 116 + -19793d?
-197827
In base 13, what is -843c6c8 - -5?
-843c6c3
In base 7, what is 1240 - -12524052?
12525322
In base 8, what is 2246257 - -620?
2247077
In base 3, what is 2120021221202101 + -2?
2120021221202022
In base 6, what is 21155241100 - -1?
21155241101
In base 8, what is -12 - -12415021?
12415007
In base 6, what is -225453 + 1421?
-224032
In base 13, what is 86264 - aa?
86187
In base 6, what is 31013 - -23222?
54235
In base 6, what is -1312214014 - 133?
-1312214151
In base 9, what is 13584768 - -2?
13584771
In base 10, what is -835841659 - -3?
-835841656
In base 8, what is 5 - 11012605?
-11012600
In base 5, what is -3002412114 - -4?
-3002412110
In base 5, what is 1 + 434441102441?
434441102442
In base 10, what is -182795 - 88?
-182883
In base 13, what is 52 + -2b00777?
-2b00725
In base 12, what is b - -7b5796?
7b57a5
In base 14, what is b69707a + 4?
b697080
In base 16, what is -1 + -27e2a4f?
-27e2a50
In base 15, what is -c - 392a43?
-392a50
In base 5, what is 32 - -104021431?
104022013
In base 5, what is -32 + 441333341?
441333304
In base 3, what is 20022120000012 - -1?
20022120000020
In base 6, what is 135 - -130150?
130325
In base 11, what is -142a - a59?
-2388
In base 2, what is 100 - 10110100101100001001001?
-10110100101100001000101
In base 15, what is -4 - 1635e422?
-1635e426
In base 5, what is 20002430 + 3433?
20011413
In base 11, what is 123453 + 128?
123580
In base 16, what is 4ae7ce - 1?
4ae7cd
In base 8, what is 552532 - 3302?
547230
In base 16, what is d2b - 371?
9ba
In base 13, what is -2 - -6517a44?
6517a42
In base 5, what is -12201410102344 - -10?
-12201410102334
In base 13, what is -800c - -127c?
-6a60
In base 3, what is 1111022020202 + -1020?
1111022012112
In base 10, what is 1 - -17172943?
17172944
In base 15, what is -2c7 - -b4370?
b4098
In base 5, what is 143 - -1344401203?
1344401401
In base 12, what is -13bb1 - -365?
-13848
In base 5, what is -23 + 111203240?
111203212
In base 3, what is 112222200 + 1021101?
121021001
In base 5, what is 1 - 4104011103?
-4104011102
In base 9, what is -1472380 + 42?
-1472337
In base 9, what is 2873156877 - -4?
2873156882
In base 9, what is 27 + 416735?
416763
In base 11, what is -3 + 14a933a?
14a9337
In base 4, what is 10 + -112203332022?
-112203332012
In base 8, what is 234702 + 2?
234704
In base 2, what is -101111100001001110100101 + 10110?
-101111100001001110001111
In base 9, what is 82282666 - 11?
82282655
In base 16, what is -d2 + -8c19?
-8ceb
In base 11, what is 5a338 + 38?
5a375
In base 16, what is cf76b1 + 8?
cf76b9
In base 7, what is -2 - -63124465?
63124463
In base 16, what is ca6 - a3?
c03
In base 13, what is 15169664 - -2?
15169666
In base 15, what is 2179b6 - -1?
2179b7
In base 13, what is -5 - -40431b6?
40431b1
In base 8, what is -146724 - -337?
-146365
In base 7, what is -4222166 + -62?
-4222261
In base 8, what is -3 + 252743056?
252743053
In base 3, what is -10112020222 + -112220?
-10112210212
In base 12, what is -47021 - -563?
-4667a
In base 10, what is 21 - -28585790?
28585811
In base 12, what is -4a90809 + 2?
-4a90807
In base 14, what is 4 - c0c4b?
-c0c47
In base 3, what is -1012202021 + 202022220?
-110102101
In base 9, what is 5740846 + 6?
5740853
In base 9, what is -62077543 - -14?
-62077528
In base 5, what is -2020333 - 223223?
-2244111
In base 4, what is 2 + 10233030202321?
10233030202323
In base 14, what is d631 + aa5?
102d6
In base 12, what is -85b + b051?
a3b2
In base 15, what is -140ae + 5bb?
-139e3
In base 11, what is 12265 + -362?
11a03
In base 16, what is -6a6eb + -5?
-6a6f0
In base 6, what is -124 - -134532115?
134531551
In base 3, what is -111221112012101000 + 10?
-111221112012100220
In base 6, what is -351225 + -24410?
-420035
In base 5, what is -4324 - 1110442?
-1120321
In base 6, what is 2132442 + -1521?
2130521
In base 6, what is -1301000 - 431?
-1301431
In base 14, what is -a3d0 - -49b?
-9d33
In base 6, what is 22113340450 + -2?
22113340444
In base 2, what is -100010001100010010101000 + 0?
-100010001100010010101000
In base 15, what is ab89 + e5?
ac7e
In base 16, what is 1148 - -6f9?
1841
In base 8, what is -431 + 376230?
375577
In base 11, what is 33 - -39625?
39658
In base 6, what is 254225524 - -11?
254225535
In base 16, what is -35f5 + -a6d?
-4062
In base 10, what is 31 - 501605?
-501574
In base 2, what is -11 + -110001010010001110010110101?
-110001010010001110010111000
In base 9, what is -2 + -3468884?
-3468886
In base 11, what is -66090 - -26?
-66065
In base 10, what is 10127376 + 4?
10127380
In base 9, what is 4286013 + -8?
4286004
In base 15, what is -2c45 - -c8?
-2b6c
In base 16, what is -17 + 94dbd?
94da6
In base 3, what is -100212110000 - 1212?
-100212111212
In base 13, what is 207 + 87903?
87b0a
In base 16, what is -54 + c3f704?
c3f6b0
In base 13, what is 3 - -8c3460?
8c3463
In base 5, what is 34001244111 + 0?
34001244111
In base 2, what is -11011010111 - -1110010001110000?
1101110110011001
In base 5, what is 13 + 101423103411?
101423103424
In ba